isor of 137 and 1096?
137
What is the greatest common divisor of 1417395 and 840?
105
Calculate the highest common factor of 24827 and 999.
37
What is the highest common factor of 122386 and 22?
22
Calculate the greatest common factor of 220 and 133220.
20
What is the highest common divisor of 6411985 and 2525?
505
What is the greatest common factor of 24998 and 13514?
58
What is the highest common divisor of 111281 and 1285?
257
Calculate the greatest common divisor of 105 and 19985.
35
What is the highest common factor of 5805 and 93955?
215
What is the greatest common divisor of 364 and 1965600?
364
What is the highest common divisor of 10611 and 28689?
393
Calculate the greatest common factor of 5 and 14318640.
5
What is the highest common factor of 56240 and 228?
76
Calculate the highest common factor of 1088052 and 56.
28
Calculate the greatest common factor of 153233 and 31.
31
Calculate the highest common factor of 230 and 17894.
46
What is the highest common factor of 5609 and 639?
71
What is the highest common factor of 57729 and 3?
3
Calculate the highest common divisor of 75 and 16509.
3
Calculate the greatest common factor of 3493 and 18463.
499
Calculate the highest common divisor of 419 and 289948.
419
What is the greatest common divisor of 682745 and 35?
35
What is the highest common factor of 932318 and 118?
118
Calculate the greatest common divisor of 307306 and 817.
19
Calculate the greatest common factor of 2591118 and 2214.
738
Calculate the greatest common factor of 60277 and 4977.
553
What is the greatest common factor of 33376 and 16352?
224
Calculate the greatest common divisor of 113 and 381940.
113
What is the highest common factor of 1648 and 176?
16
Calculate the highest common divisor of 3718608 and 48.
48
What is the highest common factor of 132040 and 315?
5
What is the greatest common factor of 16 and 2910048?
16
Calculate the greatest common divisor of 341436 and 5328.
444
What is the greatest common factor of 16332 and 96?
12
Calculate the highest common divisor of 29 and 382887.
29
Calculate the highest common factor of 165 and 688050.
165
Calculate the greatest common divisor of 785 and 1215.
5
Calculate the greatest common divisor of 174838 and 6106.
86
Calculate the highest common factor of 117 and 2573649.
117
What is the highest common divisor of 37375 and 416?
13
What is the highest common divisor of 1650 and 510015?
165
What is the highest common divisor of 68199 and 4296?
537
What is the highest common factor of 10651025 and 1925?
1925
What is the highest common factor of 16 and 84736?
16
What is the greatest common factor of 1197 and 4851?
63
What is the greatest common factor of 21 and 3852?
3
Calculate the greatest common divisor of 721042 and 238.
14
What is the greatest common factor of 1820 and 306124?
364
Calculate the greatest common factor of 532 and 1919.
19
What is the highest common factor of 8381 and 60407?
29
What is the greatest common factor of 598712 and 2144?
536
Calculate the greatest common divisor of 74 and 4854.
2
Calculate the highest common factor of 125610 and 1908.
318
What is the greatest common divisor of 164 and 63796?
164
What is the highest common divisor of 2727 and 9527229?
909
Calculate the highest common factor of 183863 and 38.
19
What is the greatest common factor of 544 and 1040?
16
What is the highest common divisor of 162798 and 602?
86
Calculate the greatest common factor of 1351990 and 1532.
766
Calculate the highest common divisor of 20 and 164280.
20
Calculate the highest common divisor of 43210 and 2610.
290
What is the greatest common factor of 37672 and 22304?
136
Calculate the highest common divisor of 226 and 23165.
113
Calculate the highest common factor of 50783 and 2408.
43
Calculate the highest common factor of 16 and 679064.
8
What is the highest common factor of 13243510 and 595?
595
What is the highest common factor of 3411 and 12024?
9
What is the greatest common factor of 158912 and 94016?
832
Calculate the highest common factor of 1100281 and 26.
13
What is the greatest common factor of 114 and 10982?
38
What is the highest common factor of 24 and 5748180?
12
Calculate the highest common divisor of 25024 and 26080.
32
What is the greatest common divisor of 54 and 2333151?
27
What is the greatest common factor of 414 and 2250?
18
Calculate the highest common factor of 3029 and 9074.
13
Calculate the highest common divisor of 38726 and 1742.
134
What is the highest common factor of 87282 and 546?
78
What is the greatest common divisor of 175 and 223975?
25
What is the greatest common factor of 27666 and 227052?
954
Calculate the greatest common divisor of 3103707 and 2907.
969
Calculate the greatest common factor of 3404 and 1184.
148
What is the greatest common factor of 23598 and 117?
9
What is the greatest common factor of 337757 and 637?
49
What is the highest common factor of 14008 and 952?
136
Calculate the highest common factor of 1986005 and 15.
5
Calculate the highest common factor of 95608 and 148.
148
What is the highest common factor of 11 and 378719?
11
What is the highest common factor of 39446 and 7744?
242
What is the greatest common divisor of 71219 and 933?
311
What is the greatest common divisor of 1587 and 519?
3
What is the highest common factor of 7775 and 16172?
311
What is the greatest common factor of 124 and 844068?
124
Calculate the greatest common factor of 89301 and 4017.
309
Calculate the greatest common divisor of 381579 and 4433.
341
What is the highest common divisor of 244 and 185806?
122
What is the highest common factor of 16544 and 81169?
517
What is the highest common factor of 42845 and 1025?
205
What is the highest common divisor of 192 and 852?
12
Calculate the highest common divisor of 153 and 2133.
9
What is the highest common divisor of 1821 and 309?
3
Calculate the highest common divisor of 55487 and 2.
1
Calculate the highest common factor of 1190 and 55.
5
What is the highest common factor of 21 and 7617?
3
What is the highest common factor of 6224 and 536?
8
Calculate the highest common factor of 175710 and 42.
6
Calculate the highest common divisor of 32 and 37384.
8
Calculate the greatest common divisor of 96019 and 87.
29
Calculate the greatest common factor of 280 and 85890.
70
What is the highest common factor of 8554 and 470?
94
Calculate the highest common divisor of 896 and 462.
14
What is the highest common divisor of 22 and 590887?
11
Calculate the greatest common divisor of 39938 and 1322158.
2102
What is the highest common divisor of 1481660 and 2990?
230
What is the greatest common factor of 292 and 1531613?
73
Calculate the greatest common factor of 1230 and 37146.
246
What is the highest common divisor of 8003 and 6191?
151
What is the highest common factor of 3248 and 38864?
112
What is the highest common divisor of 338598 and 13?
13
Calculate the greatest common factor of 14762 and 121.
121
Calculate the greatest common divisor of 14144 and 962.
26
Calculate the highest common divisor of 93387 and 42.
21
What is the highest common divisor of 9269 and 5681?
299
What is the greatest common divisor of 60 and 6045?
15
Calculate the greatest common factor of 48 and 489876.
12
What is the greatest common divisor of 4257183 and 777?
777
What is the highest common factor of 2 and 1472?
2
What is the highest common factor of 140 and 108?
4
What is the highest common factor of 4446 and 8550?
342
What is the highest common factor of 1966 and 4756737?
983
What is the highest common factor of 2610 and 12?
6
What is the highest common factor of 137 and 4518?
1
What is the highest common divisor of 112 and 126672?
112
Calculate the greatest common divisor of 1157 and 143.
13
Calculate the greatest common divisor of 136618 and 14814.
1646
Calculate the highest common divisor of 16 and 196672.
16
Calculate the highest common divisor of 28 and 4770724.
28
Calculate the highest common divisor of 911 and 33.
1
What is the highest common factor of 895 and 310?
5
What is the highest common factor of 472 and 69502?
118
What is the greatest common divisor of 155 and 2425595?
155
Calculate the greatest common factor of 68 and 448018.
34
Calculate the highest common factor of 1355455 and 3460.
865
Cal